List the prime factors of h.
2, 5
Suppose 15*s + 0*s - 6000 = 0. List the prime factors of s.
2, 5
Let h(o) = 5*o**2 - 25*o + 128. List the prime factors of h(15).
2, 439
Let d = 1965 + -691. What are the prime factors of d?
2, 7, 13
Suppose -11*y + 8*y + 3531 = 0. List the prime factors of y.
11, 107
Let h(k) = -2*k + 22. Let u be h(11). Let a = u + 15. List the prime factors of a.
3, 5
List the prime factors of 368/69*(-1 - (-659)/2).
2, 3, 73
Suppose -2*o + b + 4 = 0, 6*b - 2*b = 4*o. Let q(g) = g - 1. Let l(f) = -3*f. Let v(w) = l(w) + 5*q(w). List the prime factors of v(o).
3
Suppose -1300*u - 7602 = -1302*u. What are the prime factors of u?
3, 7, 181
Let p(a) be the third derivative of a**5/30 - 7*a**4/12 + 5*a**3/3 + 24*a**2. What are the prime factors of p(11)?
2, 7
Suppose 15*r = 14*r - h + 2308, -4628 = -2*r + 4*h. What are the prime factors of r?
2, 3, 5, 7, 11
Suppose 0 = -2*n + 5*h + 18, 0 = n + 3*h - h. Let f = n - 5. List the prime factors of f - 1/(4/(-64)).
3, 5
Let d(l) = l**3 + 9*l**2 + 9*l + 10. Let x be d(-8). Let g = -101 + 106. Suppose -x*q - g*m + 17 = -46, -3*q + 3*m = -84. List the prime factors of q.
29
Let f(w) = -w**3 - 9*w**2 - 19*w - 7. List the prime factors of f(-10).
283
Let b be 44/8 + (-2)/4. Let r = b + -14. What are the prime factors of (-51)/r + (-6)/9?
5
Suppose 3*q - 316 = -121. Let c = 61 + q. What are the prime factors of c?
2, 3, 7
Suppose -5*h + 2*x = 0, 0*x = x + 5. Let t = h - -3. Suppose t = -5*j + 11. List the prime factors of j.
2
Let l = -358 + 867. What are the prime factors of l?
509
Let s(v) = -v + 9. Let w be s(5). Suppose w*u = 2*c - 0*c + 356, -5*c = -5*u + 455. List the prime factors of u.
3, 29
Let m(a) = -10*a + 140. Let l be m(0). Let s = l + -29. What are the prime factors of s?
3, 37
Let i(o) = -o**2 + 3*o - 48. Let a be i(-8). List the prime factors of (1*-5)/(412/a - -3).
2, 5, 17
Suppose -349*v + 340*v + 5697 = 0. What are the prime factors of v?
3, 211
Let q = -31 + 34. Suppose 0 = -q*n - 3*a + 99, -5*n + 3*n = a - 70. Suppose -183 = 34*k - n*k. List the prime factors of k.
61
Let m(u) = u**2 - 3*u - 68. List the prime factors of m(-26).
2, 7
Let m(p) = -5*p + 33*p**2 + 13 - 18*p**2 - 14*p**2. List the prime factors of m(13).
3, 13
What are the prime factors of (-27162)/(-8) + (-2 - (-21)/12)?
5, 7, 97
Suppose -5*h + 106 = -264. Let t = h - 6. What are the prime factors of t?
2, 17
Suppose 5*m = q - 1, m - 1 = 4*q - 5. Suppose -11*h + 12*h - 37 = m. List the prime factors of h.
37
Suppose -11*y = -16*y + 280. Suppose -y - 281 = -n. List the prime factors of n.
337
Suppose -3*w = 3 - 9. Suppose 2*d = m - 46, 0 = -4*d + w*d. Let p = 1 + m. What are the prime factors of p?
47
Let y(u) = 221*u**3 + 4*u**2 - 30*u + 55. What are the prime factors of y(2)?
3, 593
Suppose 79 + 1129 = 3*z - 5*g, 3*z - 4*g = 1210. List the prime factors of z/4 - -4 - 3/2.
2, 13
Suppose -6 = -3*t - 9. What are the prime factors of (-2)/(t*(-4)/(-304))?
2, 19
Let c(g) = 9*g - 2. Let o be c(3). Suppose b + 4*b - 5*q = o, -4 = 2*b + 5*q. Suppose 80 - 17 = b*r. What are the prime factors of r?
3, 7
Let s be 2/(-8) - 9/12. Let r be 2 - ((0 - s) + -3). Suppose r*b + 3*h - 52 = 2*b, -2*h = -3*b + 91. What are the prime factors of b?
29
Let m = 2667 + -1925. List the prime factors of m.
2, 7, 53
Suppose 18450 = 6*p + 9*p. List the prime factors of p.
2, 3, 5, 41
Suppose 4*k = -3*y + 8, 5*k + 0*k = -5*y + 20. Suppose 0 = -4*w + 20 + y. Suppose -4 - 16 = -5*h, 0 = z - 2*h - w. What are the prime factors of z?
3, 5
Let l(m) = -5*m**3 + 15*m**2 - 5*m + 10. Let n(j) = 4*j**3 - 14*j**2 + 5*j - 10. Let z(q) = 3*l(q) + 4*n(q). What are the prime factors of z(11)?
3, 5
Suppose 3*d = -35 + 146. Let y(x) = -3*x - 3*x + 5*x + d. What are the prime factors of y(0)?
37
Let z(r) = -7*r**2 + 12*r**2 - 3*r - 3 - 2. Let c be z(6). Suppose -5*s - 52 = -c. List the prime factors of s.
3, 7
Suppose 4473 = 5*k - 42*o + 40*o, 0 = -k + o + 897. List the prime factors of k.
19, 47
Let m(g) be the third derivative of g**6/60 - g**5/12 - g**4/6 + 3*g**3/2 - 2*g**2. Let s = 268 - 264. List the prime factors of m(s).
41
Let x(q) = -q**2 + 6*q + 8. Let r be x(5). Let o be (-21)/(-6) - (-1)/2. Let j = r - o. What are the prime factors of j?
3
List the prime factors of (-196)/(-245) - 2476*(-1)/5.
2, 31
Let j be (-3 + (-3 - -4))*-1. Suppose 0*i + j*i = -2. What are the prime factors of (-2 - -4) + 14 + i?
3, 5
Suppose -m - 2 = -1. Let u = 10 + m. What are the prime factors of u?
3
What are the prime factors of (172/(-5))/((-6286)/(-525) + -12)?
2, 3, 5, 43
Let a(o) = -2*o**3 - 14*o**2 + 6*o - 32. What are the prime factors of a(-15)?
2, 37, 47
Let l(z) = -5*z + 3*z**3 - 24 + 2*z**2 + 0*z**2 + 26. List the prime factors of l(3).
2, 43
Let u be (14/(-4))/(-7)*4. Let o(f) = -f**2 + 15*f + 0*f**u - 17*f - 8 + 2*f**2. What are the prime factors of o(7)?
3
Suppose z = -z - 4*a - 78, 0 = 4*z - 3*a + 189. Suppose y + 55 = 5*f - 21, y - 2*f + 82 = 0. Let u = z - y. What are the prime factors of u?
41
Let d be 24/6 - (-2)/(-2). What are the prime factors of -52*-3*d/18?
2, 13
Let s = 8 - 3. Suppose 0 = -3*o + 2*t + 175, -o - 2*o - s*t = -140. Suppose -o = 5*y - 195. What are the prime factors of y?
2, 7
Suppose 0 = -3*s + 4*s + 5, k + s = -3. Suppose -3*o - 214 = -u, 5*u = k*o + o + 1094. List the prime factors of u.
2, 5, 11
Suppose -5*q + 42 = -2*q. Let s(y) = y**2 - 14*y + 5. Let i be s(q). What are the prime factors of (i/(-4))/((-5)/20)?
5
Let o = 3085 + -900. What are the prime factors of o?
5, 19, 23
Suppose 0 = 7*r - 619 - 214. What are the prime factors of r?
7, 17
Suppose 3*h = -h. Suppose h = -2*x + 6. Suppose 4*y - 118 = -x*o + 49, o - 1 = 0. List the prime factors of y.
41
Suppose -30*d + 21*d + 7272 = 0. List the prime factors of d.
2, 101
Suppose 4*t + 2*f - 110 = 0, -4*t + 109 = -0*f + f. What are the prime factors of t?
3
Let d(o) be the first derivative of o**3/3 - 5*o**2/2 - o + 7. List the prime factors of d(-6).
5, 13
Let h(q) = 18*q + 1. Suppose 0*z + 5*z - 70 = 0. Let o = 15 - z. List the prime factors of h(o).
19
Let k(j) = j**3 + 5*j**2 - 7*j - 4. Let i be k(-6). Suppose -3*z - 30 = -0*q - 3*q, 0 = -3*q - i*z + 15. List the prime factors of q.
7
Suppose 666 - 3779 = -11*c. List the prime factors of c.
283
Suppose -3*v - z = -1041 - 575, -4*v = 3*z - 2163. List the prime factors of v.
3, 179
Let a(p) = p**2 + 6*p - 6. Let w be a(-7). Suppose -5*j = 3*h - 42, -3*j + w + 1 = -4*h. What are the prime factors of (14/6)/(1/j)?
2, 7
Let b(h) = h**2 - 4*h. Let v be b(5). Suppose v*z - 48 = -13. Suppose 0 = z*p - 2*p - 140. List the prime factors of p.
2, 7
Let g be (16/(-6))/8 - (-10)/(-6). Suppose 3*t + 1 = 4*v, 5*v = -4*t + 14 - 36. What are the prime factors of 0 + t - 8*g?
13
Suppose 29 = -3*m + 44. Suppose 183 = m*n - 332. What are the prime factors of n?
103
Suppose i - 3 = -n, 0 = -3*n - n + 2*i - 6. Let t(j) = 19*j**3 + j - 5 + 0 + 4 + n*j + j**2. List the prime factors of t(1).
2, 5
What are the prime factors of 113630/(-33)*6/(-5)?
2, 1033
Suppose -5*g - 4*w + 20 = -g, -2*g - w + 10 = 0. Let q(c) = 4*c + 11. Let v be q(g). List the prime factors of v + -1 + (-2)/(-1).
2
Suppose x + 5*c = 3135, 2*x = -4*c + 1152 + 5130. What are the prime factors of x?
5, 17, 37
Let l be (0 + -3 - 5)/(-2). Suppose l*s + 16 = -0*s. List the prime factors of -11*1/(s - -3).
11
Let g(h) = -2*h**3 - 16*h**2 - 10*h + 3. Suppose -5*n + 5 = 0, 5*n + 35 = 3*r - 8*r. What are the prime factors of g(r)?
83
Suppose 2*a + 3*y = 499, -381 = -5*a + y + 841. Suppose 3*l = -2*l + a. Let k = -24 + l. What are the prime factors of k?
5
Let n(x) = -270*x - 34. What are the prime factors of n(-4)?
2, 523
Let r = 32 + -32. Suppose r = -4*l + f + 212, -5*l = -0*l - 3*f - 272. What are the prime factors of l?
2, 13
Let b(x) = -2*x + 8*x + 10*x - 5*x + 1. Let y be b(-4). Let m = y - -62. List the prime factors of m.
19
Suppose -3*b - p = -1306, -4*b = -5*p - 163 - 1610. List the prime factors of b.
19, 23
Suppose u - 69 = t - 0*t, 3*t = -5*u + 321. What are the prime factors of (u/(6/3))/1?
3, 11
Let j be ((-2)/(-4))/(1/138). Let b(m) = -2*m**3 + 33*m**2 - 15*m + 19. Let h be b(16). Let p = j - h. What are the prime factors of p?
2, 17
Suppose 28921 = 42*p - 38657